8. Is r a prime number?
False
Suppose 3*p + d + 0*d = 4333, 7215 = 5*p + 3*d. Suppose -3*i - 4*j = -4115 + p, j = -i + 889. Is i prime?
True
Let j(u) = 14*u**3 - 7*u**2 + 17*u + 20. Let i(f) = 5*f**3 - 2*f**2 + 6*f + 7. Let c(z) = -11*i(z) + 4*j(z). Let x be c(6). Let r = 6 + x. Is r a prime number?
False
Let b(z) = z + 5. Let q be b(-5). Suppose q = -4*w - 0*w. Is (-1 - w)/(5/(-445)) a prime number?
True
Let v = 31 + -31. Suppose v = 3*p - 142 - 131. Is p prime?
False
Let t = 6 + -1. Suppose -t*y = 3*y - 7368. Is y a prime number?
False
Let f(c) = 34*c + 39. Let v(s) = 11*s + 13. Let x(t) = -6*f(t) + 17*v(t). Let w be x(-10). Is 10/(-25) + w/5 composite?
False
Suppose -2*s + 3296 = 2*s. Suppose 10*f = 12*f - s. Suppose 0*v = -4*v + f. Is v a composite number?
False
Let h = 524 + 461. Let l = -627 + h. Is l a prime number?
False
Let x(w) = 10*w + 37. Let b be x(-16). Let l = 268 + b. Is l a composite number?
True
Suppose 1445 + 697 = k. Suppose -3*i + k = -0*i + 3*d, 0 = -2*i - d + 1423. Is i composite?
False
Let x = 157 + -145. Suppose -45383 = -k - x*k. Is k a prime number?
True
Is 1*5 + (0 - -3 - -1551) a composite number?
False
Let y = 40252 - 2815. Is y prime?
False
Let y(g) = 3241*g**2 + g + 1. Let p(z) = -z**3 - 14*z**2 + z + 13. Let v be p(-14). Is y(v) a prime number?
False
Let c = 356 + 98. Let a = c - 243. Is a prime?
True
Suppose 4*l - 3*l = 796. Suppose 4*o = 528 + l. Is o a prime number?
True
Let t(h) be the third derivative of h**5/20 + 11*h**4/24 + 11*h**3/6 + h**2. Is t(-9) a composite number?
True
Let k(d) = -6*d**3 + d**2 + 46*d + 10. Is k(-13) a prime number?
True
Let v = -1909 + 8174. Suppose v = 5*k - 4*u + 2*u, 4*k + 5*u = 5045. Is k a composite number?
True
Is ((2 - 1)/(-2))/((-1)/39386) composite?
True
Suppose 2*r = -0*r + 6. Suppose r*p - p - 152 = 0. Suppose -p = -8*a + 4*a. Is a prime?
True
Let l(j) = -5*j**3 - 7*j + 4*j**3 + 1 + 4*j**2 + 19*j - 20*j**3. Is l(-4) prime?
True
Suppose -2*v = 2*b - 8, 2*v + 0*v + 8 = 2*b. Suppose v = 5*d - 3*d + 426. Is d/(-9) - (-12)/(-18) composite?
False
Let f(m) = 64*m**2 - 2*m - 56. Is f(-13) a composite number?
True
Suppose -9 = -3*m + 3. Suppose -9 = -m*f + f. Suppose -f*t = 3*b - 165, -5*t + 0*b + 271 = 4*b. Is t composite?
True
Let p(i) = -i**3 - 9*i**2 - 2*i - 10. Let s be p(-9). Suppose 1355 = -3*t + s*t. Is t composite?
False
Suppose 2*d = -d - w + 13859, d + w = 4617. Is d composite?
False
Suppose -3*j + 5*a = -368, -2*j - 3*a = -4*a - 236. Suppose -3*l + 408 = 5*x, l - 21 - j = -2*x. Is l prime?
True
Let y be (16/24)/((-2)/(-9)). Suppose 7*u - 8 = y*u. Suppose i - 4*i - 1351 = -2*l, -u*l = -4*i - 1350. Is l a prime number?
True
Let l = 3 + -4. Let d be (-318 - l)*(-2 - -1). Suppose -j + 3*k = -2*k - 152, -2*j + d = 3*k. Is j composite?
False
Let l be (-12)/21 + (-64)/(-14). Suppose l*y = g - 19 - 16, -84 = -4*g + 2*y. Is g prime?
True
Let x(b) = 2*b**2 - 5*b + 2. Let c be x(2). Suppose c*a + 3*a = 111. Is a prime?
True
Let h = 32910 - 5609. Is h prime?
False
Suppose -2*z + 6*z = 3740. Suppose 0*h + z = 5*h. Is h a prime number?
False
Let c = 4310 - 2736. Is c a composite number?
True
Suppose -8*o + 32*o - 142056 = 0. Is o a prime number?
False
Let c(y) = -71*y + 1. Let g = 13 - 12. Let u be (-2 + g)*(8 - 2). Is c(u) a prime number?
False
Let h be -1 - 5 - ((4 - 2) + -5). Is -769*h*(-3)/(-18)*2 a prime number?
True
Let j be ((-2)/(-6) - 8794/(-6)) + 2. Suppose h + j = 5*h. Is h a prime number?
True
Let u(m) = 97*m + 40. Suppose -3*c - 13 = 2*a - 6*a, -4*c + 6 = -2*a. Is u(a) a prime number?
True
Suppose 4*g - 5866 = -v - 1031, -4*v + 5*g = -19319. Is v a composite number?
False
Let d be 2/6 + (-542)/(-3). Suppose 0 = -5*i + 5*r + 390, d = 4*i - 2*i + 3*r. Suppose 3*m = a + m - 77, a - i = -4*m. Is a a composite number?
False
Is ((-83124)/(-54))/(4/6) composite?
False
Let l(z) = -5 - 4*z - 5*z + z**3 - 1 + 7*z**2. Let j be l(-8). Suppose 241 = 3*y + j*x, 2*y = -2*x + 152 + 10. Is y a prime number?
True
Let n be (951/(-12))/(2/(-24)). Let s be -4 + n/3 + -1. Suppose 0 = 2*m + a - 321, -2*m = -0*a - 2*a - s. Is m a composite number?
True
Let x = -7 - 4. Let y(t) = t**3 + 9*t**2 - 9*t + 2. Let g be y(x). Is (-12)/8 + g/(-2) a prime number?
False
Let m(b) = -b**2 - 4*b + 3. Let n(l) = 3*l + 33. Let g be n(-11). Is m(g) a composite number?
False
Suppose -17 = -2*l + 3*w, -2*l - 9 = -2*w - 23. Suppose 6*h = 2*v + l*h - 322, v - 137 = -5*h. Is v composite?
False
Let q be (0 + 2 + -3)/(-1). Is q*(-4 + 0) - -525 prime?
True
Let v be 4/(-3) - 10/(-3). Let z(u) = 62*u + 3. Is z(v) a composite number?
False
Let m be ((-12)/(-36))/(1/9). Suppose -3*s + 2*s = 4, -m*s + 208 = 4*r. Is r a composite number?
True
Suppose -3*i = -14 - 1. Let d(k) = -2*k + 10. Let r be d(i). Suppose q - 182 - 21 = r. Is q composite?
True
Suppose 0 = 2*o - 3*y - 66589, 0*y - 2*y + 166425 = 5*o. Is o a composite number?
False
Let b(x) = -3*x**2 + x + 0*x**3 + 2*x - 12*x - 2*x**3 + 1. Let l(q) = -7*q**3 - 8*q**2 - 26*q + 4. Let s(k) = -17*b(k) + 6*l(k). Is s(-5) a prime number?
True
Suppose 2*o - 5*o = u - 13245, -o + 4415 = -2*u. Let x = o - 30. Is x prime?
False
Let v(z) be the first derivative of z**3/3 + z**2/2 + 5. Let k(h) = h**2 - 6*h + 5. Let g(f) = -k(f) + 2*v(f). Is g(6) a prime number?
True
Is (-14633)/(-3)*(15 - 12) a prime number?
True
Suppose 4*r + 0*g = -g + 6, -4*r + g + 2 = 0. Let s be 3*(334 + r) - 1. Is (7/14)/(2/s) composite?
False
Let t = 7710 + -3911. Is t a prime number?
False
Suppose 2279116 = 27*k + 65*k. Is k composite?
True
Suppose -13 = y - 2*y - 5*r, -3*y - 2*r = 0. Let v = 13 + y. Suppose 0 = 14*p - v*p - 249. Is p a prime number?
True
Let c(w) = -17*w**2 - w - 2. Let t be c(-2). Let g be (-6)/(-8) + (-1173)/t. Suppose 21*b - g*b - 354 = 0. Is b prime?
False
Suppose 378850 - 124631 = 7*w. Is w prime?
False
Let y(j) = 3*j - 12 + 2*j**2 + 7*j - j**2 - 6*j. Let g be y(-6). Suppose 6*n = -g*n + 114. Is n prime?
True
Let k be (33/(-12))/(1/(-880)). Suppose -2*n = 3*n - k. Is 2*(-6)/(-4) + n prime?
True
Suppose 6*s + 17433 = 15*s. Is s prime?
False
Let m = 7644 + -5137. Is m a composite number?
True
Suppose 0 = 5*w + 3*m - 20870, -13*m - 10 = -11*m. Is w a composite number?
False
Suppose 5*g + 2*c - 10 = 0, -6*g + g = 3*c - 15. Suppose 469 = -4*s - 4*n - 911, g = -3*s + 2*n - 1050. Is (s/(-9))/((-8)/(-12)) prime?
False
Let h(w) = -619*w + 3. Let l be h(-4). Suppose -2*g + 939 = -l. Is g composite?
False
Suppose -3*y = -5*z - 11 - 8, -4*z - 2 = 2*y. Suppose -588 = -n + a, -a - 2349 = y*n - 7*n. Is n a prime number?
True
Suppose 8*k - 12*k = 4. Let d(z) = 17*z**2 + z + 3. Is d(k) prime?
True
Suppose 39*g = 45*g - 26202. Is g a prime number?
False
Let f(c) = -c**3 + 6*c**2 + 9*c - 10. Let w be (14/(-4))/((-4)/8). Let j be f(w). Suppose -5*x + 1310 = 3*k, 4*x - 780 = -j*k + 260. Is x prime?
False
Let j be 2793/35 - 1/(-5). Suppose -7*p = p - j. Suppose 4*f = 16, -f + 61 + p = v. Is v a prime number?
True
Let m be ((-2)/(-2))/1 - -1. Let u(x) = 4*x**2 - 6*x - m + 4*x + 1. Is u(-2) composite?
False
Suppose 1339 = 4*q - 1377. Suppose 2*m - 481 = 3*a, -3*m - 7*a + 3*a + q = 0. Is m a composite number?
False
Let g be 3/(3/4) - (13 + -5). Let x be 2/7 + (-44)/7. Is 2586/4*g/x a composite number?
False
Let t(n) = 7*n - 13. Let b be t(3). Is ((-3655)/10)/((-4)/b) a composite number?
True
Suppose -38*b = -132820 - 890710. Is b a composite number?
True
Let f = -18948 - -45127. Is f a composite number?
True
Suppose -y + 938 = 30*p - 25*p, 733 = 4*p - 5*y. Is p a prime number?
False
Suppose -5*c + 2 = 4*h - 54, 4*h = 2*c + 28. Suppose 4*d + 14*n = h*n + 9798, 2*d - 4896 = -n. Is d a composite number?
False
Let x = -5581 + 8688. Is x composite?
True
Let w(i) = 3*i + 5. Let p be w(-5). Let c = 12 + p. Suppose 0 = -4*u + 3*v + 593, c*u + 5*v - 750 = -3*u. Is u a prime number?
True
Suppose -15*w + 449451 = 64446. Is w a prime number?
True
Suppose -g - 5*h + 418 = -2*h, 2*h + 1221 = 3*g. Is g prime?
True
Let h = 5057 - 3036. Is h composite?
True
Let s be (-298)/(-12 + (0 - -4))*4. Let o = s - -108. Is o a composite number?
False
Suppose -14*t + 145056 = -10*t. Let f be ((t/(-4))/1)/(-2). Is f/15 - (-2)/(-10) prime?
False
Let h(i) = -48*i - 14. Let y(a) = -1. Let r(j) = -h(j) + 3*y(j). Suppose 3*o = 5*g + 